 greatest common divisor of 301056 and 211968?
3072
Calculate the greatest common divisor of 12032816 and 1072.
16
Calculate the greatest common factor of 1347432 and 16054.
46
What is the greatest common factor of 25698978 and 36?
18
What is the highest common divisor of 45 and 533443965?
15
Calculate the highest common divisor of 1435 and 72871309.
287
Calculate the highest common divisor of 25699651 and 1762.
881
What is the highest common divisor of 2435 and 15233847?
487
What is the greatest common divisor of 60 and 387722910?
30
Calculate the greatest common factor of 39438 and 6342.
42
What is the highest common factor of 45 and 188838210?
15
Calculate the highest common factor of 424 and 2480347.
53
What is the greatest common divisor of 147592 and 6797?
971
What is the highest common factor of 10209 and 1321692?
249
What is the highest common factor of 182555180 and 31042?
2822
What is the greatest common factor of 6330 and 190080?
30
Calculate the highest common factor of 4215369 and 11373.
669
Calculate the greatest common factor of 146087004 and 2604.
2604
Calculate the highest common divisor of 92434 and 5637656.
818
What is the highest common divisor of 42 and 472506342?
42
Calculate the highest common factor of 378 and 246178422.
126
What is the greatest common divisor of 10031901 and 330?
33
Calculate the greatest common factor of 1257186 and 96.
6
Calculate the highest common factor of 30855181 and 14.
7
What is the highest common factor of 67183599 and 7014?
3507
Calculate the highest common factor of 990 and 14451330.
30
Calculate the highest common divisor of 259 and 2018569.
7
What is the highest common factor of 347144 and 7126?
14
What is the greatest common factor of 806 and 59563927?
31
Calculate the highest common divisor of 38036 and 26788.
148
What is the highest common divisor of 9418 and 455073?
17
Calculate the highest common factor of 6173125 and 1347505.
7055
Calculate the greatest common factor of 6786 and 2713269.
1131
Calculate the greatest common factor of 7602 and 2710638.
42
Calculate the greatest common divisor of 129 and 5390222.
43
Calculate the highest common divisor of 1723005 and 3915.
135
Calculate the highest common factor of 8205375 and 23500.
125
Calculate the highest common factor of 15 and 35967100.
5
Calculate the greatest common divisor of 13250 and 107878850.
2650
Calculate the greatest common factor of 3018499 and 130449.
649
Calculate the highest common factor of 1097 and 23845489.
1097
Calculate the highest common factor of 24 and 9950982.
6
Calculate the highest common divisor of 53974791 and 234.
117
What is the greatest common factor of 4707536 and 236?
4
What is the greatest common divisor of 246202 and 91729?
341
Calculate the greatest common factor of 558262 and 40.
2
What is the highest common factor of 4832428 and 6881?
983
Calculate the greatest common factor of 10 and 320582860.
10
Calculate the highest common divisor of 304130212 and 124.
124
What is the greatest common factor of 1119 and 69417?
3
What is the greatest common divisor of 777 and 2892442?
7
Calculate the greatest common factor of 218581699 and 34.
17
Calculate the greatest common factor of 644 and 5815044.
92
Calculate the highest common divisor of 33273723 and 109869.
2073
What is the greatest common factor of 9339 and 1453001?
11
Calculate the highest common divisor of 1284109 and 43516.
43
Calculate the greatest common divisor of 2452920 and 13980.
60
Calculate the greatest common divisor of 59775048 and 2952.
2952
What is the highest common factor of 51856 and 812?
28
Calculate the highest common divisor of 25319184 and 632.
632
Calculate the greatest common factor of 167624 and 1495.
23
What is the highest common factor of 184778776 and 371?
371
What is the highest common divisor of 284 and 1896907?
71
Calculate the highest common factor of 7695701 and 3393.
377
What is the greatest common factor of 477166031 and 842?
421
What is the greatest common divisor of 363067590 and 699?
699
What is the greatest common factor of 7657970 and 901?
53
What is the highest common factor of 497 and 1028506?
71
Calculate the highest common factor of 60992 and 94272.
64
Calculate the greatest common divisor of 5670 and 435510.
270
What is the greatest common divisor of 1008 and 35484246?
126
What is the greatest common factor of 87969 and 502467?
1491
What is the highest common divisor of 90 and 14155848?
18
Calculate the highest common divisor of 11718 and 405216.
378
Calculate the highest common divisor of 803 and 382788129.
73
Calculate the greatest common factor of 1257446 and 8638.
1234
What is the highest common divisor of 9261995 and 8380?
2095
Calculate the highest common factor of 66092 and 9761280.
5084
What is the greatest common factor of 2 and 2779122?
2
What is the highest common divisor of 61810591 and 1748?
437
What is the highest common divisor of 6294 and 328322314?
2098
Calculate the highest common divisor of 6403 and 2799479.
19
What is the greatest common divisor of 808659510 and 10?
10
What is the highest common divisor of 17 and 407582803?
17
Calculate the greatest common factor of 2383560 and 7101.
27
Calculate the highest common factor of 1078258 and 18.
2
Calculate the greatest common factor of 9573027 and 19149.
1473
Calculate the greatest common divisor of 6054517 and 7.
7
What is the highest common factor of 46154 and 73650?
982
Calculate the greatest common factor of 20 and 31755120.
20
What is the greatest common factor of 103761 and 6588?
1647
Calculate the greatest common factor of 914749 and 47539.
137
What is the highest common factor of 3 and 2982971?
1
What is the greatest common factor of 12282 and 949486?
46
Calculate the greatest common factor of 5486969 and 31.
31
Calculate the highest common divisor of 71229872 and 80.
16
What is the greatest common factor of 8150922 and 2652?
1326
Calculate the highest common factor of 2421 and 111420.
9
What is the highest common divisor of 48 and 832176624?
48
Calculate the greatest common divisor of 113490428 and 11496.
1916
What is the highest common divisor of 28952 and 119966?
154
What is the greatest common factor of 447615 and 19514985?
5145
Calculate the highest common factor of 28235 and 37.
1
Calculate the highest common factor of 157928764 and 13409.
1219
What is the greatest common divisor of 13338 and 16034670?
342
Calculate the greatest common divisor of 10487568 and 63504.
2352
Calculate the highest common divisor of 645 and 39047440.
215
What is the greatest common divisor of 2928094 and 16900?
338
Calculate the highest common divisor of 74409595 and 11492.
221
What is the highest common divisor of 40746559 and 371?
371
Calculate the greatest common divisor of 1614405 and 4239885.
3315
Calculate the highest common divisor of 2840035 and 77.
11
Calculate the highest common divisor of 1311 and 3169523.
19
Calculate the highest common factor of 1955691 and 30768.
1923
Calculate the highest common factor of 42 and 357895377.
21
What is the highest common divisor of 162 and 28544?
2
Calculate the greatest common factor of 79543 and 22423.
17
Calculate the highest common factor of 79458 and 29811.
57
Calculate the highest common divisor of 2216552 and 416.
104
Calculate the greatest common factor of 161650043 and 76.
19
Calculate the highest common divisor of 3367 and 45823057.
259
Calculate the highest common divisor of 5593864 and 73162.
466
Calculate the highest common divisor of 665698 and 110.
22
Calculate the greatest common divisor of 446277 and 1029.
3
Calculate the highest common factor of 6 and 2161698402.
6
What is the greatest common factor of 39808 and 682956?
1244
Calculate the greatest common factor of 1903 and 6293221.
1903
Calculate the highest common divisor of 967415 and 34380.
955
Calculate the highest common factor of 9345 and 8128815.
1335
Calculate the greatest common divisor of 30085 and 2765.
5
Calculate the highest common factor of 147108 and 31512.
156
What is the greatest common factor of 8106 and 217228641?
4053
What is the highest common divisor of 1260 and 1646226?
18
What is the highest common factor of 11291052 and 48?
12
What is the greatest common divisor of 296052777 and 9?
9
Calculate the highest 